423
List the prime factors of 62775.
3, 5, 31
List the prime factors of 7584.
2, 3, 79
What are the prime factors of 15732?
2, 3, 19, 23
List the prime factors of 75612.
2, 3, 6301
List the prime factors of 259.
7, 37
List the prime factors of 194.
2, 97
What are the prime factors of 38376?
2, 3, 13, 41
List the prime factors of 23292.
2, 3, 647
What are the prime factors of 11961?
3, 443
List the prime factors of 26636.
2, 6659
List the prime factors of 90.
2, 3, 5
What are the prime factors of 1857?
3, 619
What are the prime factors of 1150?
2, 5, 23
What are the prime factors of 14358?
2, 3, 2393
List the prime factors of 10974.
2, 3, 31, 59
List the prime factors of 51.
3, 17
What are the prime factors of 2787?
3, 929
What are the prime factors of 245?
5, 7
What are the prime factors of 55888?
2, 7, 499
List the prime factors of 80182.
2, 47, 853
List the prime factors of 1708.
2, 7, 61
List the prime factors of 3048.
2, 3, 127
What are the prime factors of 9279?
3, 1031
What are the prime factors of 2454?
2, 3, 409
What are the prime factors of 38248?
2, 7, 683
List the prime factors of 5218.
2, 2609
List the prime factors of 107416.
2, 29, 463
List the prime factors of 1722.
2, 3, 7, 41
What are the prime factors of 1722?
2, 3, 7, 41
What are the prime factors of 1043?
7, 149
List the prime factors of 3262.
2, 7, 233
List the prime factors of 2229.
3, 743
List the prime factors of 18948.
2, 3, 1579
List the prime factors of 925.
5, 37
What are the prime factors of 10348?
2, 13, 199
What are the prime factors of 1253?
7, 179
List the prime factors of 1749.
3, 11, 53
List the prime factors of 8173.
11, 743
List the prime factors of 8038.
2, 4019
What are the prime factors of 7734?
2, 3, 1289
What are the prime factors of 52275?
3, 5, 17, 41
What are the prime factors of 1035?
3, 5, 23
List the prime factors of 2058.
2, 3, 7
List the prime factors of 595.
5, 7, 17
What are the prime factors of 2604?
2, 3, 7, 31
What are the prime factors of 1307?
1307
List the prime factors of 317.
317
List the prime factors of 10601.
10601
List the prime factors of 3415.
5, 683
List the prime factors of 52709.
52709
List the prime factors of 4269.
3, 1423
What are the prime factors of 3396?
2, 3, 283
What are the prime factors of 855?
3, 5, 19
List the prime factors of 3075.
3, 5, 41
What are the prime factors of 5476?
2, 37
What are the prime factors of 3801?
3, 7, 181
List the prime factors of 10292.
2, 31, 83
List the prime factors of 4988.
2, 29, 43
What are the prime factors of 8486?
2, 4243
What are the prime factors of 6263?
6263
What are the prime factors of 3522?
2, 3, 587
What are the prime factors of 27644?
2, 6911
List the prime factors of 307.
307
What are the prime factors of 506?
2, 11, 23
What are the prime factors of 991?
991
List the prime factors of 3648.
2, 3, 19
List the prime factors of 1348.
2, 337
What are the prime factors of 413?
7, 59
What are the prime factors of 4283?
4283
What are the prime factors of 18064?
2, 1129
What are the prime factors of 4901?
13, 29
What are the prime factors of 9598?
2, 4799
What are the prime factors of 534?
2, 3, 89
What are the prime factors of 11?
11
What are the prime factors of 1313?
13, 101
What are the prime factors of 9123?
3, 3041
List the prime factors of 344.
2, 43
List the prime factors of 9208.
2, 1151
List the prime factors of 3331.
3331
List the prime factors of 28936.
2, 3617
List the prime factors of 1747.
1747
List the prime factors of 4748.
2, 1187
List the prime factors of 29893.
167, 179
What are the prime factors of 1123?
1123
List the prime factors of 3955.
5, 7, 113
List the prime factors of 863.
863
List the prime factors of 23287.
11, 29, 73
List the prime factors of 4836.
2, 3, 13, 31
List the prime factors of 4249.
7, 607
List the prime factors of 1533.
3, 7, 73
What are the prime factors of 16762?
2, 17, 29
List the prime factors of 7059.
3, 13, 181
What are the prime factors of 4995?
3, 5, 37
List the prime factors of 46671.
3, 47, 331
What are the prime factors of 25683?
3, 7, 1223
List the prime factors of 51771.
3, 17257
List the prime factors of 1148.
2, 7, 41
What are the prime factors of 2561?
13, 197
What are the prime factors of 2997?
3, 37
List the prime factors of 529.
23
List the prime factors of 15817.
15817
List the prime factors of 21173.
31, 683
List the prime factors of 1608.
2, 3, 67
List the prime factors of 6791.
6791
List the prime factors of 19072.
2, 149
List the prime factors of 512.
2
List the prime factors of 1445.
5, 17
What are the prime factors of 1993?
1993
List the prime factors of 11310.
2, 3, 5, 13, 29
List the prime factors of 2501.
41, 61
List the prime factors of 1214.
2, 607
What are the prime factors of 1253?
7, 179
What are the prime factors of 54671?
23, 2377
What are the prime factors of 20947?
20947
List the prime factors of 6383.
13, 491
What are the prime factors of 203?
7, 29
What are the prime factors of 78712?
2, 9839
List the prime factors of 40940.
2, 5, 23, 89
What are the prime factors of 53275?
5, 2131
What are the prime factors of 18745?
5, 23, 163
What are the prime factors of 19683?
3
What are the prime factors of 2798?
2, 1399
List the prime factors of 792.
2, 3, 11
List the prime factors of 6806.
2, 41, 83
What are the prime factors of 10235?
5, 23, 89
What are the prime factors of 14137?
67, 211
What are the prime factors of 124?
2, 31
List the prime factors of 6301.
6301
List the prime factors of 220.
2, 5, 11
What are the prime factors of 35453?
11, 293
List the prime factors of 6050.
2, 5, 11
List the prime factors of 1511.
1511
What are the prime factors of 1871?
1871
What are the prime factors of 15688?
2, 37, 53
List the prime factors of 2048.
2
What are the prime factors of 87057?
3, 17, 569
What are the prime factors of 3975?
3, 5, 53
List the prime factors of 100526.
2, 50263
List the prime factors of 630.
2, 3, 5, 7
List the prime factors of 11649.
3, 11, 353
What are the prime factors of 11445?
3, 5, 7, 109
What are the prime factors of 14833?
7, 13, 163
What are the prime factors of 42224?
2, 7, 13, 29
List the prime factors of 2022.
2, 3, 337
List the prime factors of 65735.
5, 13147
What are the prime factors of 3310?
2, 5, 331
What are the prime factors of 7702?
2, 3851
What are the prime factors of 16642?
2, 53, 157
What are the prime factors of 29599?
29599
What are the prime factors of 76?
2, 19
What are the prime factors of 48068?
2, 61, 197
List the prime factors of 15090.
2, 3, 5, 503
List the prime factors of 19712.
2, 7, 11
List the prime factors of 4952.
2, 619
List the prime factors of 870.
2, 3, 5, 29
What are the prime factors of 27680?
2, 5, 173
What are the prime factors of 5015?
5, 17, 59
What are the prime factors of 4306?
2, 2153
What are the prime factors of 24440?
2, 5, 13, 47
List the prime factors of 469.
7, 67
What are the prime factors of 28042?
2, 7, 2003
List the prime factors of 24476.
2, 29, 211
What are the prime factors of 23725?
5, 13, 73
List the prime factors of 233.
233
What are the prime factors of 220?
2, 5, 11
List the prime factors of 9400.
2, 5, 47
What are the prime factors of 582?
2, 3, 97
What are the prime factors of 13341?
3, 4447
List the prime factors of 1716.
2, 3, 11, 13
List the prime factors of 20977.
11, 1907
List the prime factors of 4973.
4973
List the prime factors of 1233.
3, 137
List the prime factors of 124844.
2, 23, 59
What are the prime factors of 9537?
3, 11, 17
List the prime factors of 6182.
2, 11, 281
What are the prime factors of 31417?
89, 353
List the prime factors of 5798.
2, 13, 223
List the prime factors of 22720.
2, 5, 71
List the prime factors of 32.
2
List the prime factors of 5018.
2, 13, 193
What are the prime factors of 178974?
2, 3, 61, 163
List the prime factors of 16990.
2, 5, 1699
List the prime factors of 1802.
2, 17, 53
List the prime factors of 228.
2, 3, 19
List the prime factors of 46728.
2, 3, 11, 59
List the prime factors of 6125.
5, 7
What are the prime factors of 272?
2, 17
What are the prime factors of 77567?
7, 1583
What are the prime factors of 68920?
2, 5, 1723
List the prime factors of 1678.
2, 839
List the prime factors of 1323.
3, 7
What are the prime factors of 68114?
2, 34057
What are the prime fact